{"id":239463,"date":"2020-10-22T07:06:07","date_gmt":"2020-10-22T07:06:07","guid":{"rendered":"http:\/\/dev.printvallee.com\/?page_id=239463"},"modified":"2021-03-01T09:34:32","modified_gmt":"2021-03-01T09:34:32","slug":"studio_2","status":"publish","type":"page","link":"https:\/\/www.printvallee.com\/index.php\/studio_2\/","title":{"rendered":"Studio"},"content":{"rendered":"<p>[et_pb_section fb_built=\u00a0\u00bb1&Prime; disabled_on=\u00a0\u00bboff|off|off\u00a0\u00bb _builder_version=\u00a0\u00bb4.9.0&Prime; _module_preset=\u00a0\u00bbdefault\u00a0\u00bb min_height=\u00a0\u00bb100%\u00a0\u00bb custom_padding=\u00a0\u00bb0px|2px||||\u00a0\u00bb][et_pb_row column_structure=\u00a0\u00bb1_3,1_3,1_3&Prime; _builder_version=\u00a0\u00bb4.9.0&Prime; _module_preset=\u00a0\u00bbdefault\u00a0\u00bb z_index=\u00a0\u00bb1&Prime; position_origin_a_tablet=\u00a0\u00bb\u00a0\u00bb position_origin_a_phone=\u00a0\u00bb\u00a0\u00bb position_origin_a_last_edited=\u00a0\u00bbon|tablet\u00a0\u00bb position_origin_f_tablet=\u00a0\u00bb\u00a0\u00bb position_origin_f_phone=\u00a0\u00bb\u00a0\u00bb position_origin_f_last_edited=\u00a0\u00bbon|tablet\u00a0\u00bb position_origin_r_tablet=\u00a0\u00bb\u00a0\u00bb position_origin_r_phone=\u00a0\u00bb\u00a0\u00bb position_origin_r_last_edited=\u00a0\u00bbon|tablet\u00a0\u00bb width_tablet=\u00a0\u00bb80%\u00a0\u00bb width_phone=\u00a0\u00bb90%\u00a0\u00bb width_last_edited=\u00a0\u00bbon|tablet\u00a0\u00bb module_alignment=\u00a0\u00bbcenter\u00a0\u00bb custom_margin=\u00a0\u00bb0px||||false|false\u00a0\u00bb positioning_tablet=\u00a0\u00bbnone\u00a0\u00bb positioning_phone=\u00a0\u00bb\u00a0\u00bb positioning_last_edited=\u00a0\u00bbon|tablet\u00a0\u00bb][et_pb_column type=\u00a0\u00bb1_3&Prime; _builder_version=\u00a0\u00bb4.6.6&Prime; _module_preset=\u00a0\u00bbdefault\u00a0\u00bb][et_pb_image src=\u00a0\u00bbhttps:\/\/www.printvallee.com\/wp-content\/uploads\/2020\/10\/STUDIO.jpg\u00a0\u00bb title_text=\u00a0\u00bbStudio Mobile\u00a0\u00bb align=\u00a0\u00bbcenter\u00a0\u00bb src_tablet=\u00a0\u00bbhttps:\/\/www.printvallee.com\/wp-content\/uploads\/2020\/12\/Studio-Mobile.png\u00a0\u00bb src_phone=\u00a0\u00bbhttps:\/\/www.printvallee.com\/wp-content\/uploads\/2020\/12\/Studio-Mobile.png\u00a0\u00bb src_last_edited=\u00a0\u00bbon|tablet\u00a0\u00bb _builder_version=\u00a0\u00bb4.8.2&Prime; _module_preset=\u00a0\u00bbdefault\u00a0\u00bb custom_margin=\u00a0\u00bb-70px||||false|false\u00a0\u00bb custom_margin_tablet=\u00a0\u00bb0px||||false|false\u00a0\u00bb custom_margin_phone=\u00a0\u00bb-10px||-50px||false|false\u00a0\u00bb custom_margin_last_edited=\u00a0\u00bbon|phone\u00a0\u00bb][\/et_pb_image][\/et_pb_column][et_pb_column type=\u00a0\u00bb1_3&Prime; _builder_version=\u00a0\u00bb4.6.6&Prime; _module_preset=\u00a0\u00bbdefault\u00a0\u00bb][et_pb_text content_tablet=\u00a0\u00bb<\/p>\n<p><strong>Notre \u00e9quipe pluridisciplinaire<\/strong> <strong>vous accompagne pour produire<\/strong> <strong>avec vous sur mesure tous vos outils<\/strong> <strong>de communication d\u2019aujourd\u2019hui \u2026<\/strong> <strong>et de demain.<\/strong><\/p>\n<p>Quelles que soient vos demandes, nous ma\u00eetrisons l\u2019ensemble des logiciels et des techniques performantes pour les concr\u00e9tiser.<\/p>\n<p>Le time-to-market \u00e9tant une priorit\u00e9 que nous partageons avec vous, nous vous proposons une palette compl\u00e8te d\u2019outils permettant d\u2019optimiser vos temps de relecture \/ correction ou d\u2019automatiser tout ou partie de vos productions.<\/p>\n<p>\u00a0\u00bb content_phone=\u00a0\u00bb<\/p>\n<p><strong>Notre \u00e9quipe pluridisciplinaire<\/strong> <strong>vous accompagne pour produire<\/strong> <strong>avec vous sur mesure tous vos outils<\/strong> <strong>de communication d\u2019aujourd\u2019hui \u2026<\/strong> <strong>et de demain.<\/strong><\/p>\n<p>Quelles que soient vos demandes, nous ma\u00eetrisons l\u2019ensemble des logiciels et des techniques performantes pour les concr\u00e9tiser.<\/p>\n<p>Le time-to-market \u00e9tant une priorit\u00e9 que nous partageons avec vous, nous vous proposons une palette compl\u00e8te d\u2019outils permettant d\u2019optimiser vos temps de relecture \/ correction ou d\u2019automatiser tout ou partie de vos productions.<\/p>\n<p>\u00a0\u00bb content_last_edited=\u00a0\u00bbon|tablet\u00a0\u00bb _builder_version=\u00a0\u00bb4.9.0&Prime; _module_preset=\u00a0\u00bbdefault\u00a0\u00bb text_font=\u00a0\u00bbAll round gothic||||||||\u00a0\u00bb text_font_size=\u00a0\u00bb18px\u00a0\u00bb header_text_align=\u00a0\u00bbleft\u00a0\u00bb positioning=\u00a0\u00bbrelative\u00a0\u00bb vertical_offset=\u00a0\u00bb134px\u00a0\u00bb horizontal_offset=\u00a0\u00bb-15px\u00a0\u00bb position_origin_a_tablet=\u00a0\u00bb\u00a0\u00bb position_origin_a_phone=\u00a0\u00bb\u00a0\u00bb position_origin_a_last_edited=\u00a0\u00bbon|tablet\u00a0\u00bb position_origin_f_tablet=\u00a0\u00bb\u00a0\u00bb position_origin_f_phone=\u00a0\u00bb\u00a0\u00bb position_origin_f_last_edited=\u00a0\u00bbon|tablet\u00a0\u00bb position_origin_r_tablet=\u00a0\u00bb\u00a0\u00bb position_origin_r_phone=\u00a0\u00bb\u00a0\u00bb position_origin_r_last_edited=\u00a0\u00bbon|tablet\u00a0\u00bb width_tablet=\u00a0\u00bb100%\u00a0\u00bb width_phone=\u00a0\u00bb100%\u00a0\u00bb width_last_edited=\u00a0\u00bbon|phone\u00a0\u00bb module_alignment=\u00a0\u00bbcenter\u00a0\u00bb custom_margin=\u00a0\u00bb-20px||||false|false\u00a0\u00bb custom_margin_tablet=\u00a0\u00bb0px||||false|false\u00a0\u00bb custom_margin_phone=\u00a0\u00bb0px|5%||5%|false|false\u00a0\u00bb custom_margin_last_edited=\u00a0\u00bbon|tablet\u00a0\u00bb custom_padding=\u00a0\u00bb||||false|false\u00a0\u00bb hover_enabled=\u00a0\u00bb0&Prime; positioning_tablet=\u00a0\u00bbnone\u00a0\u00bb positioning_phone=\u00a0\u00bb\u00a0\u00bb positioning_last_edited=\u00a0\u00bbon|tablet\u00a0\u00bb sticky_enabled=\u00a0\u00bb0&Prime;]<\/p>\n<p><strong>Notre \u00e9quipe pluridisciplinaire<\/strong>\u00a0<strong>vous accompagne pour produire<\/strong>\u00a0<strong>avec vous sur mesure tous vos outils<\/strong><br \/><strong> de communication d\u2019aujourd\u2019hui \u2026<\/strong><br \/><strong> et de demain.<\/strong><\/p>\n<p>Quelles que soient vos demandes,<br \/>nous ma\u00eetrisons l\u2019ensemble des logiciels et des techniques performantes pour les concr\u00e9tiser.<\/p>\n<p>Le time-to-market \u00e9tant une priorit\u00e9 que\u00a0nous partageons avec vous, nous vous proposons une palette compl\u00e8te d\u2019outils permettant d\u2019optimiser vos temps de relecture \/ correction ou d\u2019automatiser tout ou partie de vos productions.<\/p>\n<p>[\/et_pb_text][et_pb_button button_url=\u00a0\u00bbhttps:\/\/www.printvallee.com\/index.php\/studio-formulaire-2\/\u00a0\u00bb button_text=\u00a0\u00bbEn savoir plus\u00a0\u00bb _builder_version=\u00a0\u00bb4.9.0&Prime; _module_preset=\u00a0\u00bb095cb29f-c187-4965-8f56-10a30fad6931&Prime; button_font=\u00a0\u00bbAll round gothic|700|||||||\u00a0\u00bb z_index=\u00a0\u00bb5&Prime; custom_margin=\u00a0\u00bb230px|||-15px|false|false\u00a0\u00bb custom_margin_tablet=\u00a0\u00bb100px|||0px|false|false\u00a0\u00bb custom_margin_phone=\u00a0\u00bb50px||10px||false|false\u00a0\u00bb custom_margin_last_edited=\u00a0\u00bbon|phone\u00a0\u00bb button_border_radius__hover_enabled=\u00a0\u00bbon|hover\u00a0\u00bb transform_styles__hover_enabled=\u00a0\u00bbon|desktop\u00a0\u00bb transform_scale__hover_enabled=\u00a0\u00bbon|desktop\u00a0\u00bb transform_translate__hover_enabled=\u00a0\u00bbon|hover\u00a0\u00bb transform_rotate__hover_enabled=\u00a0\u00bbon|hover\u00a0\u00bb transform_skew__hover_enabled=\u00a0\u00bbon|hover\u00a0\u00bb transform_origin__hover_enabled=\u00a0\u00bbon|hover\u00a0\u00bb][\/et_pb_button][\/et_pb_column][et_pb_column type=\u00a0\u00bb1_3&Prime; _builder_version=\u00a0\u00bb4.6.6&Prime; _module_preset=\u00a0\u00bbdefault\u00a0\u00bb][et_pb_text _builder_version=\u00a0\u00bb4.7.0&Prime; _module_preset=\u00a0\u00bbdefault\u00a0\u00bb text_font=\u00a0\u00bbAll round gothic|100|||||||\u00a0\u00bb text_text_color=\u00a0\u00bb#000000&Prime; text_font_size=\u00a0\u00bb40px\u00a0\u00bb vertical_offset=\u00a0\u00bb-100px\u00a0\u00bb horizontal_offset=\u00a0\u00bb265px\u00a0\u00bb text_orientation=\u00a0\u00bbcenter\u00a0\u00bb custom_margin=\u00a0\u00bb0px|0px||0px|false|false\u00a0\u00bb animation_style=\u00a0\u00bbfade\u00a0\u00bb animation_duration=\u00a0\u00bb500ms\u00a0\u00bb text_font_last_edited=\u00a0\u00bboff|desktop\u00a0\u00bb]<\/p>\n<p>Cr\u00e9ation<\/p>\n<p>[\/et_pb_text][et_pb_text _builder_version=\u00a0\u00bb4.7.0&Prime; _module_preset=\u00a0\u00bbdefault\u00a0\u00bb text_font=\u00a0\u00bbAll round gothic|900|||||||\u00a0\u00bb text_text_color=\u00a0\u00bb#000000&Prime; text_font_size=\u00a0\u00bb40px\u00a0\u00bb vertical_offset=\u00a0\u00bb-250px\u00a0\u00bb horizontal_offset=\u00a0\u00bb280px\u00a0\u00bb animation_style=\u00a0\u00bbfade\u00a0\u00bb animation_duration=\u00a0\u00bb500ms\u00a0\u00bb animation_delay=\u00a0\u00bb1500ms\u00a0\u00bb]<\/p>\n<p>Cr\u00e9ation 3D<\/p>\n<p>[\/et_pb_text][et_pb_text _builder_version=\u00a0\u00bb4.7.0&Prime; _module_preset=\u00a0\u00bbdefault\u00a0\u00bb text_font=\u00a0\u00bbAll round gothic|300|||||||\u00a0\u00bb text_text_color=\u00a0\u00bb#000000&Prime; text_font_size=\u00a0\u00bb40px\u00a0\u00bb vertical_offset=\u00a0\u00bb-260px\u00a0\u00bb horizontal_offset=\u00a0\u00bb90px\u00a0\u00bb text_orientation=\u00a0\u00bbright\u00a0\u00bb animation_style=\u00a0\u00bbfade\u00a0\u00bb animation_duration=\u00a0\u00bb500ms\u00a0\u00bb animation_delay=\u00a0\u00bb2000ms\u00a0\u00bb]<\/p>\n<p>Prises de vue<\/p>\n<p>[\/et_pb_text][et_pb_text _builder_version=\u00a0\u00bb4.7.0&Prime; _module_preset=\u00a0\u00bbdefault\u00a0\u00bb text_font=\u00a0\u00bbAll round gothic|800|||||||\u00a0\u00bb text_text_color=\u00a0\u00bb#777776&Prime; text_font_size=\u00a0\u00bb30px\u00a0\u00bb vertical_offset=\u00a0\u00bb-240px\u00a0\u00bb horizontal_offset=\u00a0\u00bb1100px\u00a0\u00bb width=\u00a0\u00bb100%\u00a0\u00bb custom_margin=\u00a0\u00bb-10px||||false|false\u00a0\u00bb animation_style=\u00a0\u00bbfade\u00a0\u00bb animation_duration=\u00a0\u00bb500ms\u00a0\u00bb animation_delay=\u00a0\u00bb2500ms\u00a0\u00bb]<\/p>\n<p><strong>Vid\u00e9o<\/strong><\/p>\n<p>[\/et_pb_text][et_pb_image src=\u00a0\u00bbhttps:\/\/www.printvallee.com\/wp-content\/uploads\/2020\/11\/Studio.png\u00a0\u00bb title_text=\u00a0\u00bbStudio\u00a0\u00bb _builder_version=\u00a0\u00bb4.7.0&Prime; _module_preset=\u00a0\u00bbdefault\u00a0\u00bb][\/et_pb_image][et_pb_text _builder_version=\u00a0\u00bb4.7.0&Prime; _module_preset=\u00a0\u00bbdefault\u00a0\u00bb text_font=\u00a0\u00bbAll round gothic|300|||||||\u00a0\u00bb text_text_color=\u00a0\u00bb#777776&Prime; text_font_size=\u00a0\u00bb40px\u00a0\u00bb vertical_offset=\u00a0\u00bb135px\u00a0\u00bb horizontal_offset=\u00a0\u00bb1479px\u00a0\u00bb width=\u00a0\u00bb100%\u00a0\u00bb animation_style=\u00a0\u00bbfade\u00a0\u00bb animation_duration=\u00a0\u00bb500ms\u00a0\u00bb animation_delay=\u00a0\u00bb3500ms\u00a0\u00bb]<\/p>\n<p>Powerpoint<\/p>\n<p>[\/et_pb_text][et_pb_text _builder_version=\u00a0\u00bb4.7.0&Prime; _module_preset=\u00a0\u00bbdefault\u00a0\u00bb text_font=\u00a0\u00bbAll round gothic||||||||\u00a0\u00bb text_text_color=\u00a0\u00bb#777776&Prime; text_font_size=\u00a0\u00bb40px\u00a0\u00bb vertical_offset=\u00a0\u00bb45px\u00a0\u00bb horizontal_offset=\u00a0\u00bb247px\u00a0\u00bb text_orientation=\u00a0\u00bbright\u00a0\u00bb animation_style=\u00a0\u00bbfade\u00a0\u00bb animation_duration=\u00a0\u00bb500ms\u00a0\u00bb animation_delay=\u00a0\u00bb500ms\u00a0\u00bb]<\/p>\n<p>Banni\u00e8res web<\/p>\n<p>[\/et_pb_text][et_pb_text _builder_version=\u00a0\u00bb4.7.0&Prime; _module_preset=\u00a0\u00bbdefault\u00a0\u00bb text_font=\u00a0\u00bbAll round gothic|900|||||||\u00a0\u00bb text_text_color=\u00a0\u00bb#000000&Prime; text_font_size=\u00a0\u00bb40px\u00a0\u00bb vertical_offset=\u00a0\u00bb45px\u00a0\u00bb horizontal_offset=\u00a0\u00bb877px\u00a0\u00bb width=\u00a0\u00bb100%\u00a0\u00bb animation_style=\u00a0\u00bbfade\u00a0\u00bb animation_duration=\u00a0\u00bb500ms\u00a0\u00bb animation_delay=\u00a0\u00bb3000ms\u00a0\u00bb]<\/p>\n<p>Mise en page<\/p>\n<p>[\/et_pb_text][et_pb_text _builder_version=\u00a0\u00bb4.7.4&Prime; _module_preset=\u00a0\u00bbdefault\u00a0\u00bb text_font=\u00a0\u00bbAll round gothic|900|||||||\u00a0\u00bb text_text_color=\u00a0\u00bb#777776&Prime; text_font_size=\u00a0\u00bb2.3em\u00a0\u00bb vertical_offset=\u00a0\u00bb55px\u00a0\u00bb horizontal_offset=\u00a0\u00bb1130px\u00a0\u00bb text_orientation=\u00a0\u00bbcenter\u00a0\u00bb width=\u00a0\u00bb100%\u00a0\u00bb animation_style=\u00a0\u00bbfade\u00a0\u00bb animation_duration=\u00a0\u00bb500ms\u00a0\u00bb animation_delay=\u00a0\u00bb1000ms\u00a0\u00bb]<\/p>\n<p>Ex\u00e9cution graphique<\/p>\n<p>[\/et_pb_text][\/et_pb_column][\/et_pb_row][\/et_pb_section]<\/p>\n","protected":false},"excerpt":{"rendered":"<p>Notre \u00e9quipe pluridisciplinaire\u00a0vous accompagne pour produire\u00a0avec vous sur mesure tous vos outils de communication d\u2019aujourd\u2019hui \u2026 et de demain. Quelles que soient vos demandes,nous ma\u00eetrisons l\u2019ensemble des logiciels et des techniques performantes pour les concr\u00e9tiser. Le time-to-market \u00e9tant une priorit\u00e9 que\u00a0nous partageons avec vous, nous vous proposons une palette compl\u00e8te d\u2019outils permettant d\u2019optimiser vos temps [&hellip;]<\/p>\n","protected":false},"author":1,"featured_media":0,"parent":0,"menu_order":0,"comment_status":"closed","ping_status":"closed","template":"","meta":{"_et_pb_use_builder":"on","_et_pb_old_content":"","_et_gb_content_width":""},"_links":{"self":[{"href":"https:\/\/www.printvallee.com\/index.php\/wp-json\/wp\/v2\/pages\/239463"}],"collection":[{"href":"https:\/\/www.printvallee.com\/index.php\/wp-json\/wp\/v2\/pages"}],"about":[{"href":"https:\/\/www.printvallee.com\/index.php\/wp-json\/wp\/v2\/types\/page"}],"author":[{"embeddable":true,"href":"https:\/\/www.printvallee.com\/index.php\/wp-json\/wp\/v2\/users\/1"}],"replies":[{"embeddable":true,"href":"https:\/\/www.printvallee.com\/index.php\/wp-json\/wp\/v2\/comments?post=239463"}],"version-history":[{"count":127,"href":"https:\/\/www.printvallee.com\/index.php\/wp-json\/wp\/v2\/pages\/239463\/revisions"}],"predecessor-version":[{"id":242608,"href":"https:\/\/www.printvallee.com\/index.php\/wp-json\/wp\/v2\/pages\/239463\/revisions\/242608"}],"wp:attachment":[{"href":"https:\/\/www.printvallee.com\/index.php\/wp-json\/wp\/v2\/media?parent=239463"}],"curies":[{"name":"wp","href":"https:\/\/api.w.org\/{rel}","templated":true}]}}